+ 721/5. Let b be (-8 + 4)*5/(-2). Suppose -b*s + 146 = -d. What is the remainder when 202 is divided by s?
28
Let r = 143 + -137. Suppose -5*k + 5*i = -45, 2*k + 2*i + 28 = r*k. Let x(d) = d**3 - 9*d**2 + 2. Calculate the remainder when k is divided by x(9).
1
Let y = -27 - -9. Calculate the remainder when 202 is divided by 205/4 - y/24.
46
Suppose -5*u = 5*i + 1470, 0*u = 4*u - 16. Let t = i - -464. Let f = -98 + 140. Calculate the remainder when t is divided by f.
40
Let n = 2670 + -2570. What is the remainder when n is divided by 21?
16
Suppose 0 = -31*f + 32*f - 3, 0 = z - 5*f - 180. Calculate the remainder when z is divided by 77.
41
Suppose -5*w - 1620 = 4*h - 1677, 3*h - 46 = -4*w. Let j(x) = x**2 - 4*x - 3. Calculate the remainder when j(11) is divided by w.
9
Calculate the remainder when 222 is divided by 55 + -3 + (-24 - -44).
6
Suppose t - 243 = 619*i - 615*i, 5*i = -t + 180. Calculate the remainder when 351 is divided by t.
136
Let q = 22592 + -22542. What is the remainder when 73 is divided by q?
23
Let l = -466 - -698. Let r = 266 - l. Suppose v = 2*k - 16, 4*k - 3*v + 7*v = 8. What is the remainder when r is divided by k?
4
Let i = 4140 - 3578. Calculate the remainder when i is divided by 20.
2
Let s(y) = y + 2*y + 45 - 3*y - 6*y. Let i be s(7). Suppose 5*g = g - i*z + 143, -5*g + 140 = -4*z. What is the remainder when 85 is divided by g?
21
What is the remainder when ((-432)/56 - 0)/((-1)/14) is divided by 55?
53
Let m = 6833 - 6820. What is the remainder when 1389 is divided by m?
11
Let r(n) = n**3 - 4*n**2 - 38*n - 10. Let f be r(-4). Calculate the remainder when 350/21*105/f is divided by 12.
5
Let u(p) = -5*p**3 - 39*p**2 + 34*p + 191. What is the remainder when u(-12) is divided by 108?
107
Calculate the remainder when 572 is divided by (-124905)/(-451) + (30/(-123))/(-5).
18
Let g(y) = 2*y**3 + 7*y**2 + 18*y + 29. Let f be g(-6). Let b = 272 + f. What is the remainder when 90 is divided by b?
12
Let y(v) = -2 + 23*v**2 - 9*v**2 - 2*v**3 - 2*v - 4. Let a be y(10). Calculate the remainder when 2/7 + (a/(-14) - -2) is divided by 12.
11
Let n(s) = s**2 + 13*s - 59. Let c be n(4). Suppose 3*a = 5*r + 304, -a + 8*r + 104 = c*r. Let f(i) = -13*i. Calculate the remainder when a is divided by f(-2).
25
Let l(z) = 1356*z - 2482. What is the remainder when l(17) is divided by 74?
72
Let u = -315 + 315. Suppose -y + 3*b = -45 - 66, u = 2*b + 2. Suppose 5*p = -0*p + 50. What is the remainder when y is divided by p?
8
Suppose c = -2*y + 279, 5*c - 68 + 389 = 2*y. Calculate the remainder when 1150 is divided by y.
6
Suppose 0 = 3*k + r - 35, -2*r + r = -3*k + 31. Let z be (-49)/(-14) - (-2 + (-7)/(-2)). What is the remainder when k is divided by z - (-5)/1 - (2 + -1)?
5
Suppose -2*m - 44*m = 0. Calculate the remainder when (-552)/(18/(-6))*(m - -1) is divided by 41.
20
Let x = 123 + -119. Suppose x*n + 112 = 5*r, r + 4*n = -5 + 13. Let a = -175 + 292. Calculate the remainder when a is divided by r.
17
Let z(o) = -25*o + 19. Let k(l) = 25*l - 21. Let j(f) = 3*k(f) + 4*z(f). Let i = -55 + 102. What is the remainder when i is divided by j(0)?
8
Let g be (-3390)/(-7) - 32/112. Let f = g + -478. Calculate the remainder when 69 is divided by f.
3
Let r be (-6)/9 + (-11)/(-3) + 0. Let w = 137 + -94. Calculate the remainder when w is divided by 5 - 6 - (-11 - (r - 1)).
7
Suppose 9*q = 5*x + 6550, 2900 = 18*q - 14*q - 5*x. Calculate the remainder when q is divided by 74.
64
Let g be ((-6)/(-4))/(13/52). Suppose 3*y + 1867 = 4*k, -g*k - 928 = -8*k - 4*y. Calculate the remainder when k is divided by 78.
76
Let r(o) = -11*o - o**3 - 17*o + 7 - 2*o**2 + 33*o - 3*o**3. Let s be r(-2). Calculate the remainder when 16 is divided by (-14)/s - (-46)/6.
2
Let o = 368 + -141. Let h = o - 189. What is the remainder when h is divided by 18?
2
Suppose -4*c + 4*k + 16 = 0, c + 7 = -2*k + 5. What is the remainder when 38 is divided by (-10)/7*(-28)/8*c?
8
Suppose -4*d + 459 = -629. What is the remainder when d is divided by 302 + -300 - (22/2)/(-1)?
12
Let x = -146 - -153. Suppose 0 = x*n - 116 - 199. Calculate the remainder when 82 is divided by n.
37
Suppose 86*d - 88*d + 52 = n, -2*n + 40 = -4*d. What is the remainder when 434 is divided by n?
2
Let f be (3/(-6))/((-2)/(-76)). Let h = 24 + f. Suppose n - 3*o - 5 = 3, h*n = -2*o + 6. What is the remainder when 4 is divided by n?
0
Let q = 3923 + -3561. Calculate the remainder when q is divided by 131.
100
Let f = -693 - -716. Suppose 2*o - f = -r, 88 = 5*r + 4*o - 3*o. What is the remainder when ((-2)/1)/((-1)/25) is divided by r?
16
Suppose -5*x + 3*j = 4*j - 1525, -5*x = 7*j - 1525. Calculate the remainder when x is divided by 55.
30
Let j(m) = 1 + 0 + m**3 - 4 - 12*m - 10*m**2 - 8 - 2*m**3. What is the remainder when 62 is divided by j(-9)?
14
Calculate the remainder when ((-495)/(-27))/(1 + 76/(-78)) is divided by 106.
79
Let y(o) = -o**3 + 7*o**2 - 5*o + 3. Let r = 125 - 119. What is the remainder when 66 is divided by y(r)?
3
Let q(w) = -15*w**2 + 1774*w - 180. What is the remainder when q(115) is divided by 52?
47
Let x(l) = 2*l + 14. Let k be x(-1). What is the remainder when -1 + 11*(7 + 1) is divided by k/(-10)*((-5280)/(-18))/(-8)?
43
Suppose -13*p - 76 = -14*p + 3*y, 12 = -3*y. What is the remainder when p is divided by 2/(-11) - (-553)/77?
1
Suppose 8 = 7*o - 27. Let i be 1/o*10 + 5*5. Suppose -18*b - 522 = -i*b. Calculate the remainder when b is divided by 30.
28
Let s(y) = 4*y - 17. Let q be s(9). Calculate the remainder when 29 is divided by (-1 - 0) + q + 3 - -3.
5
Calculate the remainder when ((120/9)/(-2))/((-18)/1917) is divided by 89.
87
Let f be (-30)/(-18) - 4/6. Let q be 25 + (f - 1) + 0. Let b = q - 14. What is the remainder when b is divided by 5?
1
Suppose -221 = 9*s - 284. Suppose -336 = -4*x + 4*w, -w + s*w + 344 = 4*x. Calculate the remainder when x is divided by 30.
20
Suppose w = -6*w - 84. Let j(l) = l**3 + 9*l**2 - 43*l - 16. Let v = -2 + 14. What is the remainder when j(w) is divided by v?
8
Let y = 601 - 575. Let i(a) = 15*a - 225. Calculate the remainder when i(y) is divided by 36/21*(-1 - -8).
9
Let t(p) = 23*p - 231. Let l = 216 - 195. Calculate the remainder when t(l) is divided by 51.
48
Suppose 0 = -2*y - 3*n + 145, 4*y + 15*n - 10*n = 287. Suppose -75*c = -y*c - 84. Calculate the remainder when 20 is divided by c.
8
Let s(x) = x**3 + 43*x**2 + 39*x - 47. Calculate the remainder when 3317 is divided by s(-42).
78
Let x(i) = 2*i**2 - 286*i + 1686. Calculate the remainder when 1155 is divided by x(6).
21
Let w(y) = y**3 + 11*y**2 + 8*y + 5. Suppose h + 2 = -h. Let r be -2 + 2 + -7 + (h - 2). Calculate the remainder when w(r) is divided by 7.
4
Suppose t + f - 49 + 33 = 0, 4*f + 48 = 3*t. Let c = -129 + 210. Calculate the remainder when c is divided by 720/52 + t/104.
11
Suppose 4*z + y = 107, -46 - 2 = -z + 4*y. Let v be (-3*21/(-18))/((-5)/(-150)). Let g = v + -99. What is the remainder when z is divided by g?
4
Suppose -q - 6 = 0, -1065*o + 5*q = -1061*o - 378. Calculate the remainder when o is divided by 30.
27
Suppose -77*m + 1754 = 214. What is the remainder when 317 is divided by m?
17
Let y = 9334 - 9302. What is the remainder when -3*(-1 + 238/(-6)) is divided by y?
26
Suppose 14382*h - 695 = 14381*h. Calculate the remainder when h is divided by 37.
29
Let i be 1/(13/(-114) + 6/36). Suppose -i - 15 = -2*m. What is the remainder when 27 is divided by m?
10
Let l be ((-44)/(-20) - 1)/(3/(-20)). Suppose 0 = r - 5 - 21. What is the remainder when r is divided by 4/l*-29 - (-1)/2?
11
Let n(y) = y**2 - 5*y + 3. Let x = 427 + -252. Let a = -109 + x. Calculate the remainder when a is divided by n(7).
15
Let y be 5/(15/(-21)) - (-2 - 4). Calculate the remainder when 2 + -2 + (-76)/(-1) is divided by (y - (-78)/30)/((-1)/(-25)).
36
Suppose -18*v - 1 + 1 = 0. Suppose 3*r = 2*m + 6*r - 127, m - 4*r - 91 = v. What is the remainder when m is divided by 15?
11
Suppose 3*g - 9 = 51. Calculate the remainder when g is divided by 106/(-424)*36/(-1).
2
Let w(q) be the second derivative of -10*q**3/3 + 13*q**2/2 - 8*q + 1. What is the remainder when w(-4) is divided by 42?
9
Suppose 17*i + 76 = 81 + 63. What is the remainder when 175 is divided by i?
3
Let x(h) = -6*h**3 + 2*